{"id":707,"date":"2021-10-05T09:28:41","date_gmt":"2021-10-05T12:28:41","guid":{"rendered":"https:\/\/www.cmelectronica.com.ar\/noticias\/?post_type=product&#038;p=707"},"modified":"2024-04-23T12:42:09","modified_gmt":"2024-04-23T15:42:09","slug":"baliza-motos-universal","status":"publish","type":"product","link":"https:\/\/www.cmelectronica.com.ar\/tienda\/producto\/baliza-motos-universal","title":{"rendered":"Baliza Motos Universal"},"content":{"rendered":"<p>Caracter\u00edsticas:<br \/>\nControlado por microprocesador, no invasivo (no interfiere en ning\u00fan sistema electr\u00f3nico del veh\u00edculo).<\/p>\n<p>Instalaci\u00f3n:<br \/>\n1 cable a cada giro (2).<br \/>\n1 cable a negativo.<\/p>\n<p>Activaci\u00f3n:<br \/>\nAplicar el giro para un lado y seguidamente para el otro.<\/p>\n<p>Apagado:<br \/>\nQuitar el giro.<\/p>\n<p>Protecci\u00f3n:<br \/>\nPara inversi\u00f3n de polaridad.<br \/>\nPara excesos de tensi\u00f3n.<br \/>\nPara cortocircuitos.<\/p>\n<p>Encapsulado:<br \/>\nTama\u00f1o: 2,5cm x 5 cm x 2cm de altura.<br \/>\nMaterial:<br \/>\ngoma diel\u00e9ctrica aislado con epoxi.<br \/>\nResistente al agua.<\/p>\n<p>Compatibilidad:<br \/>\nUniversal.<\/p>\n","protected":false},"excerpt":{"rendered":"<p>Autom\u00e1tico baliza<br \/>\nSe trata de un modulo que actualiza el sistema el\u00e9ctrico de la moto generando una baliza con los giros, se conecta con 3 cables, se activa aplicando el giro para un lado y seguidamente el contrario, se apaga retirando el giro y se reestablece inmediatamente.<\/p>\n","protected":false},"featured_media":937,"comment_status":"open","ping_status":"open","template":"","meta":[],"product_cat":[28],"product_tag":[],"class_list":{"0":"post-707","1":"product","2":"type-product","3":"status-publish","4":"has-post-thumbnail","6":"product_cat-motocicleta","8":"first","9":"instock","10":"shipping-taxable","11":"purchasable","12":"product-type-simple"},"jetpack_sharing_enabled":true,"_links":{"self":[{"href":"https:\/\/www.cmelectronica.com.ar\/tienda\/wp-json\/wp\/v2\/product\/707"}],"collection":[{"href":"https:\/\/www.cmelectronica.com.ar\/tienda\/wp-json\/wp\/v2\/product"}],"about":[{"href":"https:\/\/www.cmelectronica.com.ar\/tienda\/wp-json\/wp\/v2\/types\/product"}],"replies":[{"embeddable":true,"href":"https:\/\/www.cmelectronica.com.ar\/tienda\/wp-json\/wp\/v2\/comments?post=707"}],"wp:featuredmedia":[{"embeddable":true,"href":"https:\/\/www.cmelectronica.com.ar\/tienda\/wp-json\/wp\/v2\/media\/937"}],"wp:attachment":[{"href":"https:\/\/www.cmelectronica.com.ar\/tienda\/wp-json\/wp\/v2\/media?parent=707"}],"wp:term":[{"taxonomy":"product_cat","embeddable":true,"href":"https:\/\/www.cmelectronica.com.ar\/tienda\/wp-json\/wp\/v2\/product_cat?post=707"},{"taxonomy":"product_tag","embeddable":true,"href":"https:\/\/www.cmelectronica.com.ar\/tienda\/wp-json\/wp\/v2\/product_tag?post=707"}],"curies":[{"name":"wp","href":"https:\/\/api.w.org\/{rel}","templated":true}]}}